 of g and j?
8
Suppose -5*t + i = -t - 136, 3*i = -t + 21. Suppose -2*n - 2*u + 4 = -44, 106 = 5*n - 2*u. What is the highest common divisor of n and t?
11
Let b = 5 - -12. What is the highest common divisor of 51 and b?
17
Suppose 0*i + 8 = 4*i. Calculate the greatest common factor of 46 and i.
2
Suppose 0*b + 2*b = -2*z + 70, 2*b = -5*z + 85. Let x be (1*-8)/(-2) + 0. Suppose x*g - b = g. Calculate the highest common factor of g and 110.
10
Let u be (-26)/(-22) + 2/(-11). Let c be -3*24/9*u. Let s = 40 - c. What is the highest common divisor of 12 and s?
12
Let y(r) = r**2 + 6*r - 8. Let v be y(-8). Calculate the greatest common divisor of v and 72.
8
Let w(v) = -v**3 + 5*v**2 - 3*v - 1. Let l be w(3). Let b = 283 - 195. What is the highest common factor of b and l?
8
Let f(q) be the first derivative of q**4/2 - 7*q**3/3 - q**2/2 - 4*q - 3. Let b be f(5). What is the highest common divisor of 6 and b?
6
Let g = 182 + -91. What is the greatest common factor of 13 and g?
13
Let w(d) = -4*d**2 - 2*d - 1. Let n be w(2). Suppose 4*z + 157 = 5*v, -103 = -3*v - z - z. Let a = n + v. Calculate the highest common divisor of a and 108.
12
Suppose 0*k + 5*g + 1062 = 3*k, 0 = -g. Suppose -l = -4*h - 0*l - k, 4*l - 170 = 2*h. Let j = h + 125. Calculate the highest common factor of 54 and j.
18
Suppose 5*g - 610 = -6*l + l, -250 = -2*l - 5*g. Calculate the greatest common divisor of l and 24.
24
Suppose -104 = p - 3*p. Suppose -2*g - 16 = -4*g. Suppose g + p = q. What is the greatest common divisor of q and 12?
12
Let g = 13 - 5. What is the greatest common divisor of g and 8?
8
Let v(d) = -d**2 + d + 7. Let p be v(3). Calculate the highest common factor of 2 and p.
1
Suppose -2*v - 6 = 0, 0 = -2*k - 0*v + v + 159. Calculate the highest common factor of 13 and k.
13
Let c(h) = -11*h + 1. Let x be c(-4). What is the greatest common factor of x and 15?
15
Suppose -2*h = -h + 8. Let g be h/2*(-1)/2. Let f = -182 - -198. What is the greatest common factor of f and g?
2
Suppose -v + 4*w = 4 - 33, 69 = 5*v - w. Let c(k) = k**3 + 2*k**2 - 3*k - 1. Let b be c(3). Let g = 61 - b. Calculate the highest common factor of g and v.
13
Suppose -t + 12 + 3 = -5*p, 4*p = -t + 42. Let d = -24 + 44. What is the highest common factor of d and t?
10
Let z = 18 + -13. Suppose 0 = -5*t + 2*p - 0*p + 122, -4*t = z*p - 91. What is the highest common factor of 3 and t?
3
Let j(l) = 8*l**3 - l**2 + l - 1. Let a be j(1). Suppose -5*f + 303 = 5*w - f, 0 = w + 5*f - 48. Calculate the greatest common factor of w and a.
7
Let u = -13 - -30. Suppose -212 = -6*l + 298. Calculate the greatest common divisor of l and u.
17
Let l(i) = -73*i - 1. Let j be l(-1). What is the greatest common divisor of 9 and j?
9
Let f be (-16)/(-6)*(-2835)/(-18). Let m = f + -299. Let j be 150/14 + 2/7. Calculate the highest common factor of m and j.
11
Let w(r) = r**2 - r - 2. Let o be w(-5). Let i = o - 3. What is the greatest common divisor of 10 and i?
5
Suppose -4*v = -0*v - 5*b - 117, 3*v + b = 83. What is the highest common divisor of v and 56?
28
Suppose -9 = -3*x + 3. Let a be (10/3)/(x/102). What is the greatest common divisor of a and 17?
17
Suppose -5*c = 2*p - 175, 0*c - 2*c - 4*p = -70. What is the highest common divisor of 7 and c?
7
Suppose -4*k - 98 + 22 = 0. Let o = 23 - k. Suppose 0*y - 2*y = -o. What is the highest common divisor of y and 210?
21
Let l(f) = -f**2 - 6*f + 1. Let t be l(-3). Let y be 1*38 + (-6)/2. Let s be 14/y - 96/(-10). Calculate the greatest common divisor of t and s.
10
Let o(l) = l**3 + 5*l**2 + 4*l - 1. Let i be o(-3). Suppose -4*s - i*d = -63, 3*s + 5*d - 40 = 11. What is the highest common factor of 96 and s?
12
Suppose -2*g = 10, -5*z = -7*g + 3*g - 300. Calculate the highest common factor of z and 42.
14
Let h(w) = -2*w**3 - 3*w**2 - 3*w - 2. Let l be h(-2). What is the highest common factor of l and 88?
8
Suppose -8*x = -3*x - 35. Let y be ((-2)/6)/(15/(-1575)). Calculate the greatest common factor of x and y.
7
Suppose 0*j - j = -91. Let f be 4/(-20) + j/5. Calculate the highest common divisor of f and 12.
6
Suppose 2*t = -0*t + 440. Calculate the greatest common factor of t and 20.
20
Let b(q) = 6*q - 6. Let g(r) = 2*r - 2. Let s(x) = -3*b(x) + 8*g(x). Let w be s(-5). Calculate the greatest common factor of 84 and w.
12
Let u = 99 + -54. Suppose 3*s - 10*r + 8*r - 50 = 0, -5*s - 3*r + 96 = 0. What is the greatest common factor of u and s?
9
Let g(d) = 8*d**2 + d - 5. Let y be g(-4). Calculate the highest common divisor of y and 17.
17
Let s(d) = 2*d - 1. Let f be s(3). Calculate the greatest common divisor of f and 1.
1
Suppose 1 = -3*i + 13. Suppose -3*a + i*m + 23 = 9, -2*a = 2*m. Calculate the highest common divisor of 6 and a.
2
Let v(j) = j**3 - 5*j**2 - 6*j. Let g be v(6). Let c(r) = r**2 + r + 32. Let m be c(g). What is the highest common factor of m and 4?
4
Let u(i) be the second derivative of i**3/2 - i. Let j = -20 + 24. Let k be u(j). What is the greatest common factor of k and 36?
12
Let t be (-3)/(-1 - 8/(-9)). Calculate the greatest common divisor of t and 27.
27
Let y = -114 - -213. Let d = y - 54. Calculate the greatest common divisor of d and 18.
9
Let l = -73 + 137. Suppose a = 4*n + 6*a - 133, -a = -3*n + 95. Suppose x + x = n. What is the highest common divisor of x and l?
16
Suppose 2*b - 8 = 8. Let j = b + -5. What is the highest common factor of 9 and j?
3
Let v(i) = -i**3 + 7*i**2 - 3*i + 9. Let j be v(6). Suppose -4*d - 20 = -5*w + 90, -5*w = 2*d - 80. What is the greatest common factor of j and w?
9
Suppose -5*n = -3*u + 31, u + 24 = 3*u - 4*n. What is the greatest common factor of u and 1?
1
Let x(i) = -1. Let z(b) = -3*b + 8. Let d(w) = -6*x(w) - z(w). Let j be d(4). What is the highest common factor of 20 and j?
10
Let j(s) = -1. Suppose k + 1 = 4. Let p(f) = -22*f. Let c(z) = k*j(z) - p(z). Let y be c(4). What is the highest common divisor of 34 and y?
17
Let d(x) = -151*x - 8. Let j be d(8). Let k be 12/(-20) - j/10. Calculate the highest common divisor of 11 and k.
11
Let c = -7 + 21. What is the highest common divisor of 2 and c?
2
Suppose 0 = -3*x - 53 - 4. Let q = x + 45. Calculate the highest common divisor of 65 and q.
13
Let a(x) = x**2 - 6*x. Let t be a(7). What is the highest common factor of 7 and t?
7
Let r(g) = g**3 + 5*g**2 - 6*g - 5. Let k be r(-6). Let y(u) = -u**3 - 4*u**2 + 3*u. Let h be y(k). What is the highest common divisor of 80 and h?
10
Let a = 3 + -1. Let k be (1 - a)/((-2)/4). Suppose 2*l = 4*l + 5*t - 27, 0 = 5*l - k*t - 24. Calculate the highest common divisor of l and 15.
3
Let z(i) = i + 4. Let o be z(11). Suppose -5*w + 29 = -21. What is the greatest common factor of w and o?
5
Let p = -71 - -261. Calculate the highest common factor of p and 38.
38
Let o(m) = 3*m - 3. Let z be o(6). Calculate the greatest common divisor of 165 and z.
15
Let v(p) = -p**2 - 6*p + 2. Suppose -5*g + 0*g - 40 = 5*s, s + 26 = -4*g. Let z be v(g). What is the highest common factor of z and 10?
2
Let c be 1/5*-2*-5. Let r be (11/c)/(2/28). Let u(f) = -f**3 - 9*f**2 - f + 2. Let a be u(-9). What is the highest common factor of r and a?
11
Let b = 9 - 7. What is the greatest common divisor of b and 22?
2
Let h be (-5)/30 + (-598)/12. Let s = -15 - h. Calculate the greatest common factor of 5 and s.
5
Suppose 3 = -3*u - 3. Let x be 12 + ((-6)/3 - u). What is the highest common factor of x and 84?
12
Suppose 4*x + 23 = 4*a - 1, 0 = 3*x + 4*a + 11. Let j = 0 + x. Let g = 14 + j. Calculate the highest common divisor of g and 81.
9
Let p(r) = 3*r - 25. Let o be p(15). What is the greatest common divisor of o and 80?
20
Let g(w) = w + 4. Let o be g(13). What is the greatest common divisor of 17 and o?
17
Suppose -3*x + 0*x + v = -361, -5*x + 602 = -2*v. Let g(d) = 3*d - 12. Let b be g(9). What is the highest common factor of x and b?
15
Let u(q) = q**3 - 16*q**2 + 17*q - 5. Let p be u(15). What is the greatest common factor of 200 and p?
25
Suppose -2*a = -s - 27, -8 - 2 = -2*s. Calculate the greatest common divisor of 112 and a.
16
Suppose -9 = 3*n + 3*m, 0 = -3*n - 2*m + 1 - 10. Let f(c) = 2*c + 2*c**2 - c - 2*c - 3. Let p be f(n). Calculate the greatest common factor of p and 54.
18
Let h be 3/(3/(-4) + (-402)/(-504)). Calc